e prime factors of ((-2556)/(-14))/(6/189*(-177)/(-236))?
2, 3, 71
What are the prime factors of (-37)/((-481)/26)*((-33957)/(-6) - -1)?
11321
Suppose 0 = -208*k + 9433610 - 3738362. List the prime factors of k.
3, 9127
Let f = 78 - 60. Suppose 2*w - 10560 = -f*w. List the prime factors of w.
2, 3, 11
Let v(b) = -b**3 + 4*b**2 + 3*b + 5. Let o = 5 - -3. Suppose 8*z + o*z = -48. List the prime factors of v(z).
59
What are the prime factors of ((-5904)/6642)/((-2)/104679)?
2, 3, 3877
Let h be ((-48)/40)/((-8)/20). Suppose -w - 420 = -i, 5*w - 2110 = -2*i - h*i. List the prime factors of i.
421
Suppose -29202*j - 250172 = -29219*j. List the prime factors of j.
2, 13, 283
Let s be 3 + -1 + (-4)/(8/(-38)). Suppose -15 = 4*z + s. List the prime factors of (-54)/(-36)*(-3)/(z/98).
7
Suppose -3*m + 1686 = 5*t, -4*t + 633 + 1050 = 3*m. Let r = 936 - m. List the prime factors of r.
379
Suppose 107*u = 108*u - 92. What are the prime factors of u?
2, 23
Let w(a) be the third derivative of 0 + 11/3*a**3 - 1/24*a**4 + 0*a - 6*a**2. What are the prime factors of w(7)?
3, 5
What are the prime factors of (-100)/(-650) - 559055/(-65)?
3, 47, 61
Suppose -5*o = 6*t - 10*t - 315, 0 = 3*t - 4*o + 237. What are the prime factors of (582/(-3))/(-4 + t/(-20))?
2, 97
Suppose -490*m + 15 = -485*m. Suppose -2336 = -5*a + b, m*a - 4*b + b - 1404 = 0. List the prime factors of a.
467
Suppose 0 = -18*n + 24*n - 24, 197965 = 5*v + 5*n. List the prime factors of v.
11, 59, 61
Suppose -3*f + 4*l = -1699, -2*l + 1938 = 3*f + 209. Let r be 82/123 - (-660)/36. Suppose -r*t = -f - 4063. List the prime factors of t.
2, 61
Let b be ((-14)/(-21))/(2/21). Let z(v) = v**2 + v + 8. Let r be z(b). Let m = 94 - r. What are the prime factors of m?
2, 3, 5
Let f be (3 + -4)*(-1776 + 8). Suppose -2*r + 0*r + f = -4*u, r = -3*u + 874. What are the prime factors of r?
2, 5, 11
Suppose -4*y = 3*v - 10 - 19, 95 = 5*v - 5*y. What are the prime factors of (-8 - -11)/(v/415)?
83
Suppose -v = -4*s + 3049, 0 = 4*s + 7*v - 3*v - 3044. Suppose 3*n = -231 + s. List the prime factors of n.
3, 59
Let o = -104 - -98. List the prime factors of 5/((-45)/o)*(-1524)/(-8).
127
Suppose 22*s - 6888 = 21*s. List the prime factors of s.
2, 3, 7, 41
Let n be -4*((4 - 3) + -14). Let q = -48 + n. Suppose 2*z + 4*f - 230 = 0, -q*z = -2*f + 10 - 450. List the prime factors of z.
3, 37
Let a be (1/3)/(-1)*-6. Suppose 0 = h + 2*x - 3, -a*h - 3*x = -7*h - 11. What are the prime factors of 4*(-90)/(-5) - (h + 0)?
73
Let o = -122 - -348. Let m = o + 524. Suppose 4*v + 3*a - 614 = 0, m = 5*v - 4*a - a. List the prime factors of v.
2, 19
Suppose -2*m = 4*m - 66. Suppose -912 - 2278 = -m*v. List the prime factors of v.
2, 5, 29
Suppose 35*k + 56 = 39*k. Let u(j) = -k - 8 - 2 + 264*j - 257*j. List the prime factors of u(9).
3, 13
Suppose -5*m = -5*q + 50, -5*m = -3*q + 49 - 13. Let t = q + 159. Suppose -2*a + t = 2*g, 7*g - 2*g = -3*a + 415. List the prime factors of g.
83
Let j(k) be the first derivative of 4*k**3/3 - k**2 + 681*k + 23. What are the prime factors of j(0)?
3, 227
Let k(d) be the first derivative of 39*d**3 - 5*d**2/2 + 8*d - 9. Let b(j) = -59*j**2 + 3*j - 4. Let u(n) = -5*b(n) - 2*k(n). List the prime factors of u(1).
2, 3, 5
Let z(k) = 69*k + 801. Let h be z(-9). Suppose 0 = m + 3 - 5. Suppose -m*p + h = -p. List the prime factors of p.
2, 3, 5
Let q(k) = -6*k**3 + 9*k**2 + 35*k + 23. What are the prime factors of q(-7)?
3, 11, 23
List the prime factors of (2 - 67006)/(-1) - 8*(-5 + 6).
2, 3, 1861
Let t = 15617 + -8560. What are the prime factors of t?
7057
Let w = 15 - -1. Let h be w + (-2)/4 + (-1)/2. Suppose h*l = 6*l + 243. What are the prime factors of l?
3
Let c(v) = -15 + 11 - 10 - 2*v. Let d be c(-7). List the prime factors of (3 + (3 - 1))/(d - -1).
5
Let a(b) = 17*b - 190. Let w be a(11). What are the prime factors of ((-5768)/(-24) - -6) + (-2)/w?
13, 19
Suppose -43828 = -12*i - 12244. List the prime factors of (14/49)/(4/i).
2, 47
Suppose 3*t = -0*t + 5*b + 400, 5*b - 5 = 0. Let d be (-2)/6*0/88. Suppose 3*z + 24 - 536 = -4*a, -a + z + t = d. What are the prime factors of a?
131
Let t(b) be the first derivative of 7 + 45/2*b**2 + 10*b. List the prime factors of t(4).
2, 5, 19
Let h(q) = q**2 - 12*q + 3. Let z be h(12). Let a(x) = 14 + 9*x - 3*x - z*x. List the prime factors of a(14).
2, 7
Suppose h + 1 = -3*g, -5*h + 3*g + 8 = 5*g. Suppose -u - 1130 = -0*p - 4*p, h*p - 560 = -2*u. List the prime factors of p.
2, 3, 47
Suppose 0 = 2*y - 4*q - 42724, -244*y + 247*y - 5*q = 64089. List the prime factors of y.
2, 2671
Let d = 72 + -87. Let z(x) be the second derivative of x**4/12 + 5*x**3/2 + 21*x**2/2 - 9*x. List the prime factors of z(d).
3, 7
Let d = -3129 - -4622. Suppose -2*j = -5*c + d, 14*c + 3*j - 900 = 11*c. What are the prime factors of c?
13, 23
Let x(y) = y**2 + 3*y + 6. Let d be x(-3). Let h(r) = -r + 15. Let b be h(d). Let n(k) = 2*k**2 - 6*k + 7. What are the prime factors of n(b)?
5, 23
Let d be (110/(-14) + 1)/(510/(-1785)). Suppose 18*a - 29358 = -d*a. What are the prime factors of a?
3, 233
Suppose 2*k + 254 = -6*o, 0 = 3*k + o - 2*o + 341. Let q be 71*-3*(2 + -1). Let t = k - q. List the prime factors of t.
2, 7
Suppose 29*y + 4*n = 26*y + 82450, -5*n + 54948 = 2*y. List the prime factors of y.
2, 59, 233
Suppose 2*y + 2*y - 84 = 0. Let k = y + -19. What are the prime factors of (-15)/2*k*(-6 + -1)?
3, 5, 7
Let v be 3/(-18) - 217/(-42). Suppose -3*m - 4060 = -7*m - v*r, -1030 = -m - 5*r. List the prime factors of m.
2, 5, 101
Suppose 469*b = 365*b + 2553824. What are the prime factors of b?
2, 7, 877
Suppose -5*f = -15*u + 14*u - 111244, 0 = 6*u + 54. List the prime factors of f.
22247
Let j = -11299 + 18949. What are the prime factors of j?
2, 3, 5, 17
Let p = -27 - -32. Suppose -4*j + 8*j + 11 = -p*z, -11 = 3*j + z. List the prime factors of (192/80)/(j/(-230)).
2, 3, 23
Suppose 14544 = 5*l - 18956. List the prime factors of l.
2, 5, 67
Suppose 0 = -125*i + 19961 + 45789. What are the prime factors of i?
2, 263
Let w(v) be the first derivative of v**3 - 23*v**2/2 - 32*v - 63. What are the prime factors of w(22)?
2, 457
Let x(p) = -2707*p + 2624. What are the prime factors of x(-6)?
2, 9433
Suppose -18*k - 240 = -2*k. Let y(f) = f**3 + 15*f**2 + f + 19. Let j be y(k). Suppose 0 = -a + 5*z + 116, 16 = -j*z - 4. What are the prime factors of a?
7, 13
What are the prime factors of 3179380/55 - 672/(-616)?
2, 3613
Let p = 10 - 6. Suppose -p*w - 3*u + 164 = u, -3*u = -4*w + 129. Suppose -g + m + 56 = 0, g - w - 17 = 4*m. What are the prime factors of g?
3, 19
Let i(k) = k - 10 + 10 + 18. Let q be i(-22). List the prime factors of 152 + q + 0 + 3.
151
Let k(x) = -x**3 + 48*x**2 - 390*x - 26. List the prime factors of k(36).
2, 743
Let a be (0 + -407)/(20/(-80)) - -4. Suppose -2520 = -4*t + a. List the prime factors of t.
2, 3, 173
Suppose 4*v = 9*v. Suppose 29*p - 37*p + 7096 = v. List the prime factors of p.
887
Let y be ((-6)/4)/((-3)/20). Let d = -1502 - -1528. List the prime factors of y/(1/(-7) - d/(-84)).
2, 3, 5
Suppose -2*h = -h + 15. Let w be -5 + (-117)/h + (-1)/(-5). List the prime factors of 4/(1/((1 - w) + 21)).
2, 19
Let s = -1655 + 10958. What are the prime factors of s?
3, 7, 443
Let q be -2*(-1)/2*4. Suppose -4*a = 4*w, 3*a - q*w = -3*w + 12. Suppose a*j = -0*j + 2*m + 262, 89 = j - m. What are the prime factors of j?
2, 3, 7
Let x(q) = -q**2 + 21*q - 38. Let f = -10 + 29. Let z be x(f). Suppose -3*j + 275 = -z*j - r, 0 = -2*j + 4*r + 180. List the prime factors of j.
2, 23
Suppose -695 = -4*y - 135. Suppose 4*r + 17*m - 52 = 13*m, 22 = r - 2*m. Let j = r + y. What are the prime factors of j?
2, 3, 13
Let s(v) = v + 20. Let w be s(-17). Suppose -4*c - 1824 = -4*r, -2*c = 6*r - w*r - 1378. What are the prime factors of r?
2, 229
Let s = -14189 + 33192. List the prime factors of s.
31, 613
Let t(c) = 2*c**2 - 5*c + 180. List the prime factors of t(25).
3, 5, 29
Let y(a) = -59*a**3 + 26*a - 2. What are the prime factors of y(-5)?
7243
Let b = -220 - -226. What are the prime factors of (b/(-12))/(2/(-668))?
167
Let q = -203 + 876. Let v(f) = -28*f**2 - 10*f + 6. Let j be v(-4). Let i = j + q. What are the prime factors of i?
271
Let j = -125 + -184. Let g be (-6)/(-24) +